at is the tens digit of 212012814?
1
What is the hundreds digit of 2950967748?
7
What is the hundred millions digit of 696312228?
6
What is the ten millions digit of 1483481594?
8
What is the ten thousands digit of 3545579920?
7
What is the thousands digit of 172532580?
2
What is the millions digit of 297622136?
7
What is the thousands digit of 30345459?
5
What is the tens digit of 30933809?
0
What is the ten thousands digit of 93191685?
9
What is the hundreds digit of 151124655?
6
What is the ten millions digit of 21246928?
2
What is the units digit of 114477912?
2
What is the hundred millions digit of 235549175?
2
What is the tens digit of 290757383?
8
What is the ten millions digit of 862566552?
6
What is the tens digit of 7248435?
3
What is the ten thousands digit of 2666516724?
1
What is the thousands digit of 325538555?
8
What is the units digit of 181483536?
6
What is the tens digit of 825575274?
7
What is the units digit of 85870879?
9
What is the hundred thousands digit of 1699562147?
5
What is the tens digit of 437713870?
7
What is the millions digit of 13865080?
3
What is the hundred millions digit of 569177231?
5
What is the hundreds digit of 5213640?
6
What is the millions digit of 5856018078?
6
What is the millions digit of 96726081?
6
What is the ten thousands digit of 156114203?
1
What is the thousands digit of 8251334580?
4
What is the millions digit of 2043046194?
3
What is the hundreds digit of 2822879825?
8
What is the hundreds digit of 42899823?
8
What is the tens digit of 202435746?
4
What is the hundred thousands digit of 40258134?
2
What is the units digit of 17966443?
3
What is the units digit of 3255466344?
4
What is the thousands digit of 596788476?
8
What is the thousands digit of 1279601245?
1
What is the units digit of 749459456?
6
What is the ten millions digit of 304959262?
0
What is the ten thousands digit of 45565039?
6
What is the thousands digit of 1050760569?
0
What is the ten thousands digit of 271158626?
5
What is the thousands digit of 974205211?
5
What is the hundreds digit of 9073156?
1
What is the tens digit of 2983384271?
7
What is the tens digit of 89922952?
5
What is the tens digit of 59551477?
7
What is the units digit of 464772121?
1
What is the hundred thousands digit of 558362660?
3
What is the hundreds digit of 61084989?
9
What is the tens digit of 91193821?
2
What is the ten millions digit of 1121152951?
2
What is the hundred thousands digit of 476692133?
6
What is the thousands digit of 74862293?
2
What is the hundreds digit of 48475681?
6
What is the tens digit of 24089470?
7
What is the millions digit of 505887460?
5
What is the units digit of 76711117?
7
What is the tens digit of 1456287693?
9
What is the tens digit of 35045290?
9
What is the ten millions digit of 3593304689?
9
What is the tens digit of 178571891?
9
What is the thousands digit of 8073243?
3
What is the tens digit of 119337704?
0
What is the millions digit of 825706664?
5
What is the units digit of 631002933?
3
What is the thousands digit of 1156457335?
7
What is the hundreds digit of 186707475?
4
What is the hundred thousands digit of 15523540?
5
What is the thousands digit of 36252707?
2
What is the ten thousands digit of 311222327?
2
What is the ten millions digit of 618542177?
1
What is the tens digit of 213528876?
7
What is the ten millions digit of 1202932823?
0
What is the millions digit of 9761166?
9
What is the hundreds digit of 115760316?
3
What is the thousands digit of 863152638?
2
What is the ten thousands digit of 6904337?
0
What is the hundred millions digit of 6698208315?
6
What is the ten thousands digit of 4240010279?
1
What is the thousands digit of 5487436138?
6
What is the hundreds digit of 75772627?
6
What is the ten millions digit of 718850902?
1
What is the ten millions digit of 4233490458?
3
What is the thousands digit of 238603145?
3
What is the units digit of 1595803874?
4
What is the hundred millions digit of 2750631277?
7
What is the hundred millions digit of 410288856?
4
What is the ten millions digit of 159271365?
5
What is the units digit of 3228700156?
6
What is the millions digit of 38343720?
8
What is the hundred millions digit of 1195125451?
1
What is the ten millions digit of 615526037?
1
What is the thousands digit of 119370227?
0
What is the thousands digit of 284943553?
3
What is the ten thousands digit of 427165167?
6
What is the tens digit of 4361624446?
4
What is the units digit of 532332613?
3
What is the hundreds digit of 49365000?
0
What is the ten thousands digit of 449982522?
8
What is the tens digit of 210436818?
1
What is the ten millions digit of 42803174?
4
What is the hundred thousands digit of 1548149178?
1
What is the hundred millions digit of 446603814?
4
What is the hundred thousands digit of 650443070?
4
What is the units digit of 108363917?
7
What is the ten millions digit of 318085644?
1
What is the thousands digit of 2288573653?
3
What is the thousands digit of 12696379?
6
What is the ten thousands digit of 54304359?
0
What is the ten millions digit of 865830932?
6
What is the ten millions digit of 30061526?
3
What is the tens digit of 896194920?
2
What is the hundred thousands digit of 2763564326?
5
What is the ten thousands digit of 73694845?
9
What is the units digit of 103374748?
8
What is the ten thousands digit of 63428285?
2
What is the ten thousands digit of 189887133?
8
What is the hundreds digit of 2637996924?
9
What is the hundreds digit of 32333169?
1
What is the millions digit of 53075416?
3
What is the ten millions digit of 691630664?
9
What is the millions digit of 99910112?
9
What is the units digit of 6620756345?
5
What is the hundreds digit of 9674328?
3
What is the ten millions digit of 330932049?
3
What is the tens digit of 203046269?
6
What is the tens digit of 30726971?
7
What is the millions digit of 230591601?
0
What is the ten thousands digit of 242298216?
9
What is the hundred millions digit of 225116359?
2
What is the ten millions digit of 723950702?
2
What is the ten thousands digit of 1495558828?
5
What is the ten thousands digit of 422752386?
5
What is the ten millions digit of 35287665?
3
What is the ten millions digit of 76288581?
7
What is the units digit of 7489064030?
0
What is the ten millions digit of 1952165100?
5
What is the hundred thousands digit of 118896489?
8
What is the tens digit of 110944978?
7
What is the billions digit of 1762761087?
1
What is the millions digit of 643557764?
3
What is the units digit of 5247364?
4
What is the hundred thousands digit of 1025633597?
6
What is the ten millions digit of 339422425?
3
What is the millions digit of 1883642386?
3
What is the millions digit of 241066275?
1
What is the ten millions digit of 2115183769?
1
What is the ten thousands digit of 1524977456?
7
What is the units digit of 1298428787?
7
What is the ten millions digit of 69972783?
6
What is the hundred millions digit of 3949347713?
9
What is the thousands digit of 269685625?
5
What is the millions digit of 91149317?
1
What is the ten millions digit of 72036384?
7
What is the hundred millions digit of 926294107?
9
What is the ten thousands digit of 1784026787?
2
What is the thousands digit of 254212674?
2
What is the millions digit of 145811995?
5
What is the hundred thousands digit of 229401420?
4
What is the ten thousands digit of 698451389?
5
What is the millions digit of 9108950?
9
What is the ten thousands digit of 51080839?
8
What is the thousands digit of 620827779?
7
What is the ten millions digit of 2297572779?
9
What is the units digit of 164072639?
9
What is the hundreds digit of 1249528076?
0
What is the ten thousands digit of 385341569?
4
What is the ten thousands digit of 288668363?
6
What is the billions digit of 3240936163?
3
What is the units digit of 2059624942?
2
What is the ten thousands digit of 573759762?
5
What is the units digit of 517487026?
6
What is the ten thousands digit of 114865667?
6
What is the hundreds digit of 2888638705?
7
What is the hundred millions digit of 1355056783?
3
What is the ten millions digit of 124071734?
2
What is the hundred thousands digit of 38776052?
7
What is the millions digit of 736829263?
6
What is the millions digit of 55049472?
5
What is the hundred thousa